62. List the prime factors of q(-11).
5, 23, 41
Let c = 3010 + -6855. Let h = -2118 - c. What are the prime factors of h?
11, 157
Let y = 44266 - -360. What are the prime factors of y?
2, 53, 421
Let p(x) = 5*x**3 + 4*x**2 + 6*x + 4. Let m be p(4). Suppose -m = -i - 0*i. Suppose 7*w - i = 106. What are the prime factors of w?
2, 37
Let a be ((-5)/(-15))/(1/33*1). Suppose 14 + a = -g. Let r(p) = p**2 + 19*p - 20. List the prime factors of r(g).
2, 5, 13
Let n(g) = 22*g - 1743. Let r be n(79). Let u be ((-2)/(-4))/(2/1536). List the prime factors of (r/4)/((22/u)/(-11)).
2, 3, 5
Suppose -x - 4 = -2*x, 18 = l + 4*x. Suppose -40 = -l*h + 162. Let v = 209 - h. List the prime factors of v.
2, 3
Let c be 16/136 + 3/((-153)/(-249)). Suppose 0 = c*f + 5*k - 6690, -2673 = 2*f - 4*f - 5*k. List the prime factors of f.
13, 103
Suppose -34772 = 5*j - 267092. What are the prime factors of j?
2, 3, 11
Let d = -19208 - -32374. List the prime factors of d.
2, 29, 227
Let g = 7641 + 7067. What are the prime factors of g?
2, 3677
Let j(w) = -18*w**3 + 81*w**2 - 544*w + 13. Let s(n) = 10*n**3 - 41*n**2 + 272*n - 7. Let q(y) = -4*j(y) - 7*s(y). List the prime factors of q(9).
2, 3, 151
Suppose -16*u + 331 = 2779. Let y = 288 - u. List the prime factors of y.
3, 7
Let z = 8342 + 12102. What are the prime factors of z?
2, 19, 269
Let s be 3*(-5)/(-12)*4. Suppose s*z - 15 = 5*b, -3*b + 5*z - 4 - 11 = 0. Let k = 61 - b. List the prime factors of k.
61
Suppose 0 = -4*b + 2*j + 2, -5*b = 4*j + 16 - 51. Suppose -21*o = -18*o + b. Let u(l) = -129*l + 7. List the prime factors of u(o).
2, 17
Let m = -3321 + 12522. What are the prime factors of m?
3, 3067
Let m = 531 + -306. Suppose m = 5*t - 2*t. Suppose -3*u + 4*u - h = t, 4*u - 308 = 2*h. What are the prime factors of u?
79
What are the prime factors of ((-6775)/542)/((-2)/1388)?
5, 347
Let q(o) = -o**2 + 15*o + 32. Let x be q(16). Suppose -11693 = -x*i - 221. Let u = i - 483. List the prime factors of u.
2, 3, 13
Let y be 5/(-14)*-3316 + 18/(-63). List the prime factors of 6 + (-4 - -2) + y.
2, 3, 11
Let v = 10170 - 2434. List the prime factors of v.
2, 967
Let l(i) = 15*i**2 - 208*i + 1818. What are the prime factors of l(66)?
2, 3, 5, 13, 137
List the prime factors of ((-115)/10)/((-26)/13676).
23, 263
Let k be 89/((5/(-1))/(-5)*-1). Let b = -35 - k. List the prime factors of b.
2, 3
Suppose -366757 = -6*s - 0*s - 69145. List the prime factors of s.
2, 3, 7, 1181
Suppose -5*h + 13 = 4*u, -5*u + h + h + 41 = 0. List the prime factors of (-7)/(u/1) - -526.
3, 5, 7
Let m(q) = 26*q + 16. Let y be -51*(1/3 - (-14)/(-21)). Let g be m(y). Suppose 7*w - g - 137 = 0. What are the prime factors of w?
5, 17
Let c(q) = -q**3 - q**2 + q. Let k(j) = -18*j**2 - 35*j + 3. Let g(y) = -c(y) - k(y). Let i be g(-17). List the prime factors of (i - 11/(-5))/((-2)/195).
2, 3, 13
Suppose 25*t = 32*t - 1211. Suppose 3*o - 63 = 2*v - 337, -456 = 5*o - 4*v. Let n = t + o. What are the prime factors of n?
3
Suppose 174446 = 5*u + 4*l, -3*u + 162492 = l + 57830. List the prime factors of u.
2, 17443
Let r = 61109 + -31535. What are the prime factors of r?
2, 3, 31, 53
Let g(m) = 8*m**2 + 4*m + 2. Let x be g(-5). Suppose 0 = -4*d - 4*h + 308, -4*d - 4*h - 266 = -7*d. Let r = x + d. What are the prime factors of r?
2, 3, 11
Suppose 3*l = -9*l - 1051560. List the prime factors of (-4)/34 + l/(-102).
859
Let u(s) = -549*s - 332. Let p be u(-5). Suppose -p = -2*z + 5*v, -2*v + 590 = 2*z - 1816. What are the prime factors of z?
2, 7, 43
Let q = 0 - 0. Suppose 0 = -q*n + n. Suppose n = 5*i + 25, -220 - 145 = -4*c + i. What are the prime factors of c?
2, 3, 5
Suppose -7*o = -6 - 15. Let v(j) = 17*j**2 + 8*j + 4. What are the prime factors of v(o)?
181
Let v(d) = 85*d**2 + 5*d - 7. Let i be v(4). Let n = i + -917. What are the prime factors of n?
2, 3, 19
Suppose 0 = -299*u + 31*u + 2413072. List the prime factors of u.
2, 2251
Let f(g) = 24*g**2 + 35*g - 113. List the prime factors of f(6).
31
Suppose q - 5 = 2. Let f = -2 + q. Suppose 6*y + 272 = 4*a + y, f*a + 2*y = 340. List the prime factors of a.
2, 17
Let m = 7335 - 310. What are the prime factors of m?
5, 281
Suppose 0 = q + 5, 2*u + 20*q - 25*q - 98029 = 0. List the prime factors of u.
2, 3, 8167
Let h(v) = -3*v**3 - v**2 + 2*v - 289. Let u be h(0). Let c = u + -497. List the prime factors of (c/12 + -4)*-2.
139
Let q = 518 - -1318. Suppose -q = -63*k + 54*k. List the prime factors of k.
2, 3, 17
Suppose -2*g + 1863 - 503 = 0. Let s = 296 + g. What are the prime factors of s?
2, 61
What are the prime factors of 2/(1 - -1) - (-4 - -9) - -4909?
3, 5, 109
Let b(f) = f**3 - 30*f**2 + 54*f + 58. Let h be b(28). Suppose 0 = -6*g + 4*g + 4*m + 628, -h*m = 5*g - 1558. List the prime factors of g.
2, 3, 13
Let w = 1046 + 458. Suppose 409 - w = -3*r. What are the prime factors of r?
5, 73
Let y(d) = 20*d**2 - 7*d + 298. List the prime factors of y(-20).
2, 4219
Let p(j) = -8056*j + 320. List the prime factors of p(-2).
2, 13, 79
Suppose -2*o = 81 - 4373. Suppose l - 427 = 3*p, 3*l + 2*l - 4*p - o = 0. List the prime factors of l.
2, 5, 43
Let p(c) = -13*c - 14. Let h be p(2). Let x = h - -44. Suppose x*m + 4*g - 796 = 0, -2*g = 3*m + 3*g - 593. What are the prime factors of m?
3, 67
Let v(k) = k - 4. Let f be v(9). Let x be 2/f - (0 - (-76)/(-10)). List the prime factors of 24*(60/x - 4).
2, 3, 7
Let k = -31 + 36. Suppose -14 = -a + 4*m, k*a - 19 = 2*m + m. List the prime factors of (3 - 5 - 42)*(-3)/a.
2, 3, 11
Let p(w) = -w**2 - 25*w - 6. Let b be p(-16). Let f be (132/22)/(1 + 0). Suppose -8*z = -b - f. List the prime factors of z.
2, 3
Suppose 0 = 9*p - 1197 - 531. Let s = p - 79. What are the prime factors of s?
113
Let v = -2406 + 5031. List the prime factors of v.
3, 5, 7
List the prime factors of (-14 + -3)/((-85)/47345).
17, 557
Let n(c) = -2278*c - 6393. What are the prime factors of n(-13)?
11, 2111
Let c(h) = -147*h - 168. Let n(k) = -k - 1. Let b(a) = 5*c(a) - 840*n(a). Let g be b(3). Suppose -5*v + g = 2*v. What are the prime factors of v?
3, 5
Suppose 0 = 19*y - 444155 - 156416. What are the prime factors of y?
73, 433
Let l(j) = 14*j**2 - 23*j + 16. Let h be l(-6). Let z = h - 297. What are the prime factors of z?
19
Let d(q) be the third derivative of q**6/120 - q**5/5 + 13*q**4/6 + 11*q**3/3 - q**2 - 12. List the prime factors of d(10).
2, 3, 19
Suppose 2*y = 582 - 130. Suppose -286 = -2*k - 2*d, -2*d - 3*d = -3*k + 421. Let b = y - k. List the prime factors of b.
2, 3, 7
Suppose 2936*m = 2924*m + 149292. List the prime factors of m.
3, 11, 13, 29
List the prime factors of (-4 - (-3 - 10608)) + -1 + -4.
2, 3, 19, 31
Suppose -1501*k + 1503*k + 7295 - 31015 = 0. What are the prime factors of k?
2, 5, 593
Let y(a) = -a**3 - 10*a**2 + 12*a + 6. Let d be y(-11). List the prime factors of (17/(-3))/(d/30).
2, 17
List the prime factors of 0 + -4 - ((-701450)/26 - 36/234).
5, 13, 83
Let m = -133 - -86. Let l = 39 + m. What are the prime factors of 5/20 - (-3 + 126/l)?
19
Let u(a) be the first derivative of 11*a**4/24 + 37*a**3/6 - 6*a**2 + 19. Let b(x) be the second derivative of u(x). What are the prime factors of b(11)?
2, 79
Suppose 1577 + 2555 = 4*z - x, 4*z - 4136 = 2*x. Let s = z + -556. List the prime factors of s.
2, 7, 17
Suppose -41 = -3*g + 1. Suppose 0 = -g*i + 15 - 1. Suppose 3*c + i = 115. What are the prime factors of c?
2, 19
Let w(z) = 5 + 2*z + 5 - 7*z**2 - 6 - 8*z - z**3. Let i be w(-6). Suppose -91 = -i*k + 161. What are the prime factors of k?
3, 7
Let t be (-2018)/(-14) - (-18)/(-126). Suppose 3*f - 1326 - t = 0. List the prime factors of f.
2, 5, 7
Let h(o) = -3*o + 8. Let b be h(-2). Let r be (-3)/(-3)*-33*b/(-6). Suppose r = 4*m + 2*t - t, 0 = -m + 3*t + 16. What are the prime factors of m?
19
List the prime factors of ((41679/(-12))/(-11))/(3/32).
2, 421
Let k = 39310 - 18012. List the prime factors of k.
2, 23, 463
Let y(s) be the first derivative of -2*s**2 + 7*s - 7. Let m be y(-7). Let g = m + -20. List the prime factors of g.
3, 5
Let q = -620 - -1242. Suppose 0 = -28*x + 29*x - q. What are the prime factors of x?
2, 311
Let s = 4320 - 3366. What are the prime factors of s?
2, 3, 53
Let y(t) = -2*t**2 - 39*t - 49. Let h be y(-21). Let n = 109 + h. List the pri